{"id":840,"date":"2025-07-16T23:01:46","date_gmt":"2025-07-16T21:01:46","guid":{"rendered":"https:\/\/hadajanos.hu\/?page_id=840"},"modified":"2025-07-17T16:51:01","modified_gmt":"2025-07-17T14:51:01","slug":"hada-janos-vagyok-de-ne-hidd-hogy-csak-szinkronhang","status":"publish","type":"page","link":"https:\/\/hadajanos.hu\/?page_id=840","title":{"rendered":"R\u00f3lam"},"content":{"rendered":"\t\t<div data-elementor-type=\"wp-page\" data-elementor-id=\"840\" class=\"elementor elementor-840\">\n\t\t\t\t<div class=\"elementor-element elementor-element-bdda4ae e-flex e-con-boxed e-con e-parent\" data-id=\"bdda4ae\" data-element_type=\"container\" data-settings=\"{&quot;background_background&quot;:&quot;gradient&quot;}\">\n\t\t\t\t\t<div class=\"e-con-inner\">\n\t\t\t\t<div class=\"elementor-element elementor-element-23c66be elementor-widget elementor-widget-heading\" data-id=\"23c66be\" data-element_type=\"widget\" data-widget_type=\"heading.default\">\n\t\t\t\t\t<h2 class=\"elementor-heading-title elementor-size-default\">H\u00e1da J\u00e1nos vagyok. De ne hidd, hogy csak szinkronhang.<\/h2>\t\t\t\t<\/div>\n\t\t\t\t\t<\/div>\n\t\t\t\t<\/div>\n\t\t<div class=\"elementor-element elementor-element-fbf44cc e-flex e-con-boxed e-con e-parent\" data-id=\"fbf44cc\" data-element_type=\"container\">\n\t\t\t\t\t<div class=\"e-con-inner\">\n\t\t\t\t<div class=\"elementor-element elementor-element-3ccb717 elementor-widget elementor-widget-text-editor\" data-id=\"3ccb717\" data-element_type=\"widget\" data-widget_type=\"text-editor.default\">\n\t\t\t\t\t\t\t\t\t<div data-slate-node=\"element\"><span data-slate-node=\"text\"><span class=\"sc-1i6i6bx-6 bOOKIo\" data-slate-leaf=\"true\">Sz\u00edn\u00e9sz vagyok, rendez\u0151, szinkronhang, tan\u00e1r,<\/span><\/span><span data-slate-node=\"text\"><span class=\"sc-1i6i6bx-6 bOOKIo\" data-slate-leaf=\"true\">de legink\u00e1bb: <\/span><\/span><span data-slate-node=\"text\"><span class=\"sc-1i6i6bx-6 fWsytN\" data-slate-leaf=\"true\">mes\u00e9l\u0151.<\/span><\/span><\/div>\n<div data-slate-node=\"element\"><span data-slate-node=\"text\"><span class=\"sc-1i6i6bx-6 bOOKIo\" data-slate-leaf=\"true\">Nemcsak szerepekbe, hanem emberekbe is bele tudok b\u00fajni.<\/span><\/span><\/div>\n<div data-slate-node=\"element\" data-slate-fragment=\"JTVCJTdCJTIydHlwZSUyMiUzQSUyMnBhcmFncmFwaCUyMiUyQyUyMmNoaWxkcmVuJTIyJTNBJTVCJTdCJTIydGV4dCUyMiUzQSUyMlN6JUMzJUFEbiVDMyVBOXN6JTIwdmFneW9rJTJDJTIwcmVuZGV6JUM1JTkxJTJDJTIwc3ppbmtyb25oYW5nJTJDJTIwdGFuJUMzJUExciUyQyUyMiU3RCU1RCU3RCUyQyU3QiUyMnR5cGUlMjIlM0ElMjJwYXJhZ3JhcGglMjIlMkMlMjJjaGlsZHJlbiUyMiUzQSU1QiU3QiUyMnRleHQlMjIlM0ElMjJkZSUyMGxlZ2luayVDMyVBMWJiJTNBJTIwJTIyJTdEJTJDJTdCJTIyaXNCb2xkJTIyJTNBdHJ1ZSUyQyUyMnRleHQlMjIlM0ElMjJtZXMlQzMlQTlsJUM1JTkxLiUyMiU3RCUyQyU3QiUyMnRleHQlMjIlM0ElMjIlMjIlN0QlNUQlN0QlMkMlN0IlMjJ0eXBlJTIyJTNBJTIycGFyYWdyYXBoJTIyJTJDJTIyY2hpbGRyZW4lMjIlM0ElNUIlN0IlMjJ0ZXh0JTIyJTNBJTIyTmVtY3NhayUyMHN6ZXJlcGVrYmUlMkMlMjBoYW5lbSUyMGVtYmVyZWtiZSUyMGlzJTIwYmVsZSUyMHR1ZG9rJTIwYiVDMyVCQWpuaS4lMjIlN0QlNUQlN0QlMkMlN0IlMjJ0eXBlJTIyJTNBJTIycGFyYWdyYXBoJTIyJTJDJTIyY2hpbGRyZW4lMjIlM0ElNUIlN0IlMjJ0ZXh0JTIyJTNBJTIyVCVDMyVCNnJ0JUMzJUE5bmV0ZWtldCUyMHN6ZXJldGVrJTIwbW9uZGFuaSUyMCVFMiU4MCU5MyUyMG4lQzMlQTloYSUyMHN6JUMzJUFEbnBhZG9uJTJDJTIwbiVDMyVBOWhhJTIwbWlrcm9mb24lMjBtJUMzJUI2ZyVDMyVCNnR0JTJDJTIwbiVDMyVBOWhhJTIwdGFuJUMzJUFEdCVDMyVBMXMlMjBrJUMzJUI2emJlbi4lMjIlN0QlNUQlN0QlNUQ=\"><span data-slate-node=\"text\"><span class=\"sc-1i6i6bx-6 bOOKIo\" data-slate-leaf=\"true\">T\u00f6rt\u00e9neteket szeretek mondani \u2013 n\u00e9ha sz\u00ednpadon, n\u00e9ha mikrofon m\u00f6g\u00f6tt, n\u00e9ha tan\u00edt\u00e1s k\u00f6zben.<\/span><\/span><\/div>\t\t\t\t\t\t\t\t<\/div>\n\t\t\t\t\t<\/div>\n\t\t\t\t<\/div>\n\t\t<div class=\"elementor-element elementor-element-7a65f68 e-flex e-con-boxed e-con e-parent\" data-id=\"7a65f68\" data-element_type=\"container\">\n\t\t\t\t\t<div class=\"e-con-inner\">\n\t\t<div class=\"elementor-element elementor-element-927e608 e-con-full e-flex e-con e-child\" data-id=\"927e608\" data-element_type=\"container\">\n\t\t\t\t<div class=\"elementor-element elementor-element-84882e9 elementor-widget elementor-widget-text-editor\" data-id=\"84882e9\" data-element_type=\"widget\" data-widget_type=\"text-editor.default\">\n\t\t\t\t\t\t\t\t\t<div data-slate-node=\"element\"><span data-slate-node=\"text\"><span class=\"sc-1i6i6bx-6 bOOKIo\" data-slate-leaf=\"true\">Van, hogy a hangom alapj\u00e1n ismernek fel.<\/span><\/span>M\u00e1skor a sz\u00ednh\u00e1zb\u00f3l.<\/div>\n<div data-slate-node=\"element\"><span data-slate-node=\"text\"><span class=\"sc-1i6i6bx-6 bOOKIo\" data-slate-leaf=\"true\">Megint m\u00e1skor azt k\u00e9rdezik:<\/span><\/span><\/div>\n<div data-slate-node=\"element\"><span data-slate-node=\"text\"><span class=\"sc-1i6i6bx-6 fWsytN\" data-slate-leaf=\"true\">\u201eTe volt\u00e1l a R\u00e9busz a Mind\u00f6r\u00f6kk\u00e9 Batmanben?\u201d<\/span><\/span><\/div>\n<div data-slate-node=\"element\"><span data-slate-node=\"text\"><span class=\"sc-1i6i6bx-6 bOOKIo\" data-slate-leaf=\"true\">Vagy:<\/span><\/span><\/div>\n<div data-slate-node=\"element\" data-slate-fragment=\"JTVCJTdCJTIydHlwZSUyMiUzQSUyMnBhcmFncmFwaCUyMiUyQyUyMmNoaWxkcmVuJTIyJTNBJTVCJTdCJTIydGV4dCUyMiUzQSUyMlZhbiUyQyUyMGhvZ3klMjBhJTIwaGFuZ29tJTIwYWxhcGolQzMlQTFuJTIwaXNtZXJuZWslMjBmZWwuJTIyJTdEJTVEJTdEJTJDJTdCJTIydHlwZSUyMiUzQSUyMnBhcmFncmFwaCUyMiUyQyUyMmNoaWxkcmVuJTIyJTNBJTVCJTdCJTIydGV4dCUyMiUzQSUyMk0lQzMlQTFza29yJTIwYSUyMHN6JUMzJUFEbmglQzMlQTF6YiVDMyVCM2wuJTIyJTdEJTVEJTdEJTJDJTdCJTIydHlwZSUyMiUzQSUyMnBhcmFncmFwaCUyMiUyQyUyMmNoaWxkcmVuJTIyJTNBJTVCJTdCJTIydGV4dCUyMiUzQSUyMk1lZ2ludCUyMG0lQzMlQTFza29yJTIwYXp0JTIwayVDMyVBOXJkZXppayUzQSUyMiU3RCU1RCU3RCUyQyU3QiUyMnR5cGUlMjIlM0ElMjJwYXJhZ3JhcGglMjIlMkMlMjJjaGlsZHJlbiUyMiUzQSU1QiU3QiUyMmlzQm9sZCUyMiUzQXRydWUlMkMlMjJ0ZXh0JTIyJTNBJTIyJUUyJTgwJTlFVGUlMjB2b2x0JUMzJUExbCUyMGElMjBSaWRkbGVyJTIwYSUyME1pbmQlQzMlQjZyJUMzJUI2a2slQzMlQTklMjBCYXRtYW5iZW4lM0YlRTIlODAlOUQlMjIlN0QlMkMlN0IlMjJ0ZXh0JTIyJTNBJTIyJTIyJTdEJTVEJTdEJTJDJTdCJTIydHlwZSUyMiUzQSUyMnBhcmFncmFwaCUyMiUyQyUyMmNoaWxkcmVuJTIyJTNBJTVCJTdCJTIydGV4dCUyMiUzQSUyMlZhZ3klM0ElMjIlN0QlNUQlN0QlMkMlN0IlMjJ0eXBlJTIyJTNBJTIycGFyYWdyYXBoJTIyJTJDJTIyY2hpbGRyZW4lMjIlM0ElNUIlN0IlMjJpc0JvbGQlMjIlM0F0cnVlJTJDJTIydGV4dCUyMiUzQSUyMiVFMiU4MCU5RVJvYmVydG8lMjBCZW5pZ25pdCUyMGlzJTIwdGUlMjBzemlua3Jvbml6JUMzJUExbHRhZCUyMGF6JTIwJUMzJTg5bGV0JTIwc3olQzMlQTlwYmVuJTNGJUUyJTgwJTlEJTIyJTdEJTJDJTdCJTIydGV4dCUyMiUzQSUyMiUyMiU3RCU1RCU3RCUyQyU3QiUyMnR5cGUlMjIlM0ElMjJwYXJhZ3JhcGglMjIlMkMlMjJjaGlsZHJlbiUyMiUzQSU1QiU3QiUyMnRleHQlMjIlM0ElMjIlQzMlODlzJTIwaWx5ZW5rb3IlMjBtaW5kaWclMjBlbG1vc29seW9kb20uJTIyJTdEJTVEJTdEJTJDJTdCJTIydHlwZSUyMiUzQSUyMnBhcmFncmFwaCUyMiUyQyUyMmNoaWxkcmVuJTIyJTNBJTVCJTdCJTIydGV4dCUyMiUzQSUyMk1lcnQlMjBpZ2VuLiUyMEF6JTIwaXMlMjAlQzMlQTluJTIwdm9sdGFtLiUyMiU3RCU1RCU3RCUyQyU3QiUyMnR5cGUlMjIlM0ElMjJwYXJhZ3JhcGglMjIlMkMlMjJjaGlsZHJlbiUyMiUzQSU1QiU3QiUyMnRleHQlMjIlM0ElMjIlQzMlODlzJTIwcGVyc3plJTIwbSVDMyVBOWclMjBzb2slMjBtJUMzJUExcyUyMGlzLiUyMiU3RCU1RCU3RCU1RA==\">\u00a0<\/div>\t\t\t\t\t\t\t\t<\/div>\n\t\t\t\t<\/div>\n\t\t<div class=\"elementor-element elementor-element-3adaa3a e-con-full e-flex e-con e-child\" data-id=\"3adaa3a\" data-element_type=\"container\">\n\t\t\t\t<div class=\"elementor-element elementor-element-7407ea6 elementor-widget elementor-widget-image\" data-id=\"7407ea6\" data-element_type=\"widget\" data-widget_type=\"image.default\">\n\t\t\t\t\t\t\t\t\t\t\t\t\t\t\t<img fetchpriority=\"high\" decoding=\"async\" width=\"1024\" height=\"515\" src=\"https:\/\/hadajanos.hu\/hadajanosweb\/wp-content\/uploads\/2023\/03\/306482359_639819181129458_5495802080899920271_n-1024x515.jpg\" class=\"attachment-large size-large wp-image-540\" alt=\"\" srcset=\"https:\/\/hadajanos.hu\/hadajanosweb\/wp-content\/uploads\/2023\/03\/306482359_639819181129458_5495802080899920271_n-1024x515.jpg 1024w, https:\/\/hadajanos.hu\/hadajanosweb\/wp-content\/uploads\/2023\/03\/306482359_639819181129458_5495802080899920271_n-300x151.jpg 300w, https:\/\/hadajanos.hu\/hadajanosweb\/wp-content\/uploads\/2023\/03\/306482359_639819181129458_5495802080899920271_n-768x386.jpg 768w, https:\/\/hadajanos.hu\/hadajanosweb\/wp-content\/uploads\/2023\/03\/306482359_639819181129458_5495802080899920271_n-1536x772.jpg 1536w, https:\/\/hadajanos.hu\/hadajanosweb\/wp-content\/uploads\/2023\/03\/306482359_639819181129458_5495802080899920271_n.jpg 1907w\" sizes=\"(max-width: 1024px) 100vw, 1024px\" \/>\t\t\t\t\t\t\t\t\t\t\t\t\t\t\t<\/div>\n\t\t\t\t<\/div>\n\t\t\t\t\t<\/div>\n\t\t\t\t<\/div>\n\t\t<div class=\"elementor-element elementor-element-9d2fd86 e-flex e-con-boxed e-con e-parent\" data-id=\"9d2fd86\" data-element_type=\"container\">\n\t\t\t\t\t<div class=\"e-con-inner\">\n\t\t\t\t<div class=\"elementor-element elementor-element-d570b38 elementor-widget elementor-widget-text-editor\" data-id=\"d570b38\" data-element_type=\"widget\" data-widget_type=\"text-editor.default\">\n\t\t\t\t\t\t\t\t\t<div data-slate-node=\"element\"><span data-slate-node=\"text\"><span class=\"sc-1i6i6bx-6 fWsytN\" data-slate-leaf=\"true\">\u201eRoberto Benignit is te szinkroniz\u00e1ltad az \u00c9let sz\u00e9pben?\u201d<\/span><\/span><\/div>\n<div data-slate-node=\"element\"><span data-slate-node=\"text\"><span class=\"sc-1i6i6bx-6 bOOKIo\" data-slate-leaf=\"true\">\u00c9s ilyenkor mindig elmosolyodom. <\/span><\/span><span data-slate-node=\"text\"><span class=\"sc-1i6i6bx-6 bOOKIo\" data-slate-leaf=\"true\">Mert igen. Az is \u00e9n voltam.<\/span><\/span><\/div>\n<div data-slate-node=\"element\" data-slate-fragment=\"JTVCJTdCJTIydHlwZSUyMiUzQSUyMnBhcmFncmFwaCUyMiUyQyUyMmNoaWxkcmVuJTIyJTNBJTVCJTdCJTIydGV4dCUyMiUzQSUyMlZhbiUyQyUyMGhvZ3klMjBhJTIwaGFuZ29tJTIwYWxhcGolQzMlQTFuJTIwaXNtZXJuZWslMjBmZWwuJTIyJTdEJTVEJTdEJTJDJTdCJTIydHlwZSUyMiUzQSUyMnBhcmFncmFwaCUyMiUyQyUyMmNoaWxkcmVuJTIyJTNBJTVCJTdCJTIydGV4dCUyMiUzQSUyMk0lQzMlQTFza29yJTIwYSUyMHN6JUMzJUFEbmglQzMlQTF6YiVDMyVCM2wuJTIyJTdEJTVEJTdEJTJDJTdCJTIydHlwZSUyMiUzQSUyMnBhcmFncmFwaCUyMiUyQyUyMmNoaWxkcmVuJTIyJTNBJTVCJTdCJTIydGV4dCUyMiUzQSUyMk1lZ2ludCUyMG0lQzMlQTFza29yJTIwYXp0JTIwayVDMyVBOXJkZXppayUzQSUyMiU3RCU1RCU3RCUyQyU3QiUyMnR5cGUlMjIlM0ElMjJwYXJhZ3JhcGglMjIlMkMlMjJjaGlsZHJlbiUyMiUzQSU1QiU3QiUyMmlzQm9sZCUyMiUzQXRydWUlMkMlMjJ0ZXh0JTIyJTNBJTIyJUUyJTgwJTlFVGUlMjB2b2x0JUMzJUExbCUyMGElMjBSaWRkbGVyJTIwYSUyME1pbmQlQzMlQjZyJUMzJUI2a2slQzMlQTklMjBCYXRtYW5iZW4lM0YlRTIlODAlOUQlMjIlN0QlMkMlN0IlMjJ0ZXh0JTIyJTNBJTIyJTIyJTdEJTVEJTdEJTJDJTdCJTIydHlwZSUyMiUzQSUyMnBhcmFncmFwaCUyMiUyQyUyMmNoaWxkcmVuJTIyJTNBJTVCJTdCJTIydGV4dCUyMiUzQSUyMlZhZ3klM0ElMjIlN0QlNUQlN0QlMkMlN0IlMjJ0eXBlJTIyJTNBJTIycGFyYWdyYXBoJTIyJTJDJTIyY2hpbGRyZW4lMjIlM0ElNUIlN0IlMjJpc0JvbGQlMjIlM0F0cnVlJTJDJTIydGV4dCUyMiUzQSUyMiVFMiU4MCU5RVJvYmVydG8lMjBCZW5pZ25pdCUyMGlzJTIwdGUlMjBzemlua3Jvbml6JUMzJUExbHRhZCUyMGF6JTIwJUMzJTg5bGV0JTIwc3olQzMlQTlwYmVuJTNGJUUyJTgwJTlEJTIyJTdEJTJDJTdCJTIydGV4dCUyMiUzQSUyMiUyMiU3RCU1RCU3RCUyQyU3QiUyMnR5cGUlMjIlM0ElMjJwYXJhZ3JhcGglMjIlMkMlMjJjaGlsZHJlbiUyMiUzQSU1QiU3QiUyMnRleHQlMjIlM0ElMjIlQzMlODlzJTIwaWx5ZW5rb3IlMjBtaW5kaWclMjBlbG1vc29seW9kb20uJTIyJTdEJTVEJTdEJTJDJTdCJTIydHlwZSUyMiUzQSUyMnBhcmFncmFwaCUyMiUyQyUyMmNoaWxkcmVuJTIyJTNBJTVCJTdCJTIydGV4dCUyMiUzQSUyMk1lcnQlMjBpZ2VuLiUyMEF6JTIwaXMlMjAlQzMlQTluJTIwdm9sdGFtLiUyMiU3RCU1RCU3RCUyQyU3QiUyMnR5cGUlMjIlM0ElMjJwYXJhZ3JhcGglMjIlMkMlMjJjaGlsZHJlbiUyMiUzQSU1QiU3QiUyMnRleHQlMjIlM0ElMjIlQzMlODlzJTIwcGVyc3plJTIwbSVDMyVBOWclMjBzb2slMjBtJUMzJUExcyUyMGlzLiUyMiU3RCU1RCU3RCU1RA==\"><span data-slate-node=\"text\"><span class=\"sc-1i6i6bx-6 bOOKIo\" data-slate-leaf=\"true\">\u00c9s persze m\u00e9g sok m\u00e1s is.<\/span><\/span><\/div>\t\t\t\t\t\t\t\t<\/div>\n\t\t\t\t\t<\/div>\n\t\t\t\t<\/div>\n\t\t<div class=\"elementor-element elementor-element-0726b37 e-flex e-con-boxed e-con e-parent\" data-id=\"0726b37\" data-element_type=\"container\">\n\t\t\t\t\t<div class=\"e-con-inner\">\n\t\t<div class=\"elementor-element elementor-element-29c14bc e-con-full e-flex e-con e-child\" data-id=\"29c14bc\" data-element_type=\"container\">\n\t\t\t\t<div class=\"elementor-element elementor-element-08b7b61 elementor-widget elementor-widget-image\" data-id=\"08b7b61\" data-element_type=\"widget\" data-widget_type=\"image.default\">\n\t\t\t\t\t\t\t\t\t\t\t\t\t\t\t<img decoding=\"async\" width=\"1024\" height=\"683\" src=\"https:\/\/hadajanos.hu\/hadajanosweb\/wp-content\/uploads\/2023\/03\/Osc_018-1024x683.jpg\" class=\"attachment-large size-large wp-image-560\" alt=\"\" srcset=\"https:\/\/hadajanos.hu\/hadajanosweb\/wp-content\/uploads\/2023\/03\/Osc_018-1024x683.jpg 1024w, https:\/\/hadajanos.hu\/hadajanosweb\/wp-content\/uploads\/2023\/03\/Osc_018-300x200.jpg 300w, https:\/\/hadajanos.hu\/hadajanosweb\/wp-content\/uploads\/2023\/03\/Osc_018-768x512.jpg 768w, https:\/\/hadajanos.hu\/hadajanosweb\/wp-content\/uploads\/2023\/03\/Osc_018-1536x1024.jpg 1536w, https:\/\/hadajanos.hu\/hadajanosweb\/wp-content\/uploads\/2023\/03\/Osc_018-2048x1365.jpg 2048w\" sizes=\"(max-width: 1024px) 100vw, 1024px\" \/>\t\t\t\t\t\t\t\t\t\t\t\t\t\t\t<\/div>\n\t\t\t\t<\/div>\n\t\t<div class=\"elementor-element elementor-element-c13ee9d e-con-full e-flex e-con e-child\" data-id=\"c13ee9d\" data-element_type=\"container\">\n\t\t\t\t<div class=\"elementor-element elementor-element-1b1bc56 elementor-widget elementor-widget-text-editor\" data-id=\"1b1bc56\" data-element_type=\"widget\" data-widget_type=\"text-editor.default\">\n\t\t\t\t\t\t\t\t\t<div data-slate-node=\"element\"><span data-slate-node=\"text\"><span class=\"sc-1i6i6bx-6 bOOKIo\" data-slate-leaf=\"true\">A <\/span><\/span><span data-slate-node=\"text\"><span class=\"sc-1i6i6bx-6 fWsytN\" data-slate-leaf=\"true\">Hadart Sz\u00ednh\u00e1zat<\/span><\/span><span data-slate-node=\"text\"><span class=\"sc-1i6i6bx-6 bOOKIo\" data-slate-leaf=\"true\"> az\u00e9rt hoztam l\u00e9tre, hogy olyan el\u0151ad\u00e1sokat hozzunk l\u00e9tre, <\/span><\/span><span data-slate-node=\"text\"><span class=\"sc-1i6i6bx-6 bOOKIo\" data-slate-leaf=\"true\">amik <\/span><\/span><span data-slate-node=\"text\"><span class=\"sc-1i6i6bx-6 fWsytN\" data-slate-leaf=\"true\">sz\u00f3rakoztatnak, de k\u00f6zben m\u00e9lyebbre is hatnak.<\/span><\/span><\/div>\n<div data-slate-node=\"element\"><span data-slate-node=\"text\"><span class=\"sc-1i6i6bx-6 bOOKIo\" data-slate-leaf=\"true\">Nevet\u00fcnk, de n\u00e9ha meg is torpanunk \u2013 azt\u00e1n megy\u00fcnk tov\u00e1bb.<\/span><\/span><\/div>\n<div data-slate-node=\"element\" data-slate-fragment=\"JTVCJTdCJTIydHlwZSUyMiUzQSUyMnBhcmFncmFwaCUyMiUyQyUyMmNoaWxkcmVuJTIyJTNBJTVCJTdCJTIydGV4dCUyMiUzQSUyMkElMjAlMjIlN0QlMkMlN0IlMjJpc0JvbGQlMjIlM0F0cnVlJTJDJTIydGV4dCUyMiUzQSUyMkhhZGFydCUyMFN6JUMzJUFEbmglQzMlQTF6YXQlMjIlN0QlMkMlN0IlMjJ0ZXh0JTIyJTNBJTIyJTIwYXolQzMlQTlydCUyMGhvenRhbSUyMGwlQzMlQTl0cmUlMkMlMjBob2d5JTIwb2x5YW4lMjBlbCVDNSU5MWFkJUMzJUExc29rYXQlMjBob3p6dW5rJTIwbCVDMyVBOXRyZSUyQyUyMiU3RCU1RCU3RCUyQyU3QiUyMnR5cGUlMjIlM0ElMjJwYXJhZ3JhcGglMjIlMkMlMjJjaGlsZHJlbiUyMiUzQSU1QiU3QiUyMnRleHQlMjIlM0ElMjJhbWlrJTIwJTIyJTdEJTJDJTdCJTIyaXNCb2xkJTIyJTNBdHJ1ZSUyQyUyMnRleHQlMjIlM0ElMjJzeiVDMyVCM3Jha296dGF0bmFrJTJDJTIwZGUlMjBrJUMzJUI2emJlbiUyMG0lQzMlQTlseWViYnJlJTIwaXMlMjBoYXRuYWsuJTIyJTdEJTJDJTdCJTIydGV4dCUyMiUzQSUyMiUyMiU3RCU1RCU3RCUyQyU3QiUyMnR5cGUlMjIlM0ElMjJwYXJhZ3JhcGglMjIlMkMlMjJjaGlsZHJlbiUyMiUzQSU1QiU3QiUyMnRleHQlMjIlM0ElMjJOZXZldCVDMyVCQ25rJTJDJTIwZGUlMjBuJUMzJUE5aGElMjBtZWclMjBpcyUyMHRvcnBhbnVuayUyMCVFMiU4MCU5MyUyMGF6dCVDMyVBMW4lMjBtZWd5JUMzJUJDbmslMjB0b3YlQzMlQTFiYi4lMjIlN0QlNUQlN0QlMkMlN0IlMjJ0eXBlJTIyJTNBJTIycGFyYWdyYXBoJTIyJTJDJTIyY2hpbGRyZW4lMjIlM0ElNUIlN0IlMjJ0ZXh0JTIyJTNBJTIyTSVDMyVBMXIlMjB2YW4lMjB0JUMzJUI2YmIlMjBtaW50JTIwZWd5JTIwJUMzJUE5dnRpemVkbnlpJTIwayVDMyVCNnolQzMlQjZzJTIwZW1sJUMzJUE5ayVDMyVCQ25rJTIwYSUyMGslQzMlQjZ6JUMzJUI2bnMlQzMlQTlnZ2VsLiUyMiU3RCU1RCU3RCU1RA==\"><span data-slate-node=\"text\"><span class=\"sc-1i6i6bx-6 bOOKIo\" data-slate-leaf=\"true\">M\u00e1r van t\u00f6bb mint egy \u00e9vtizednyi k\u00f6z\u00f6s eml\u00e9k\u00fcnk a k\u00f6z\u00f6ns\u00e9ggel.<\/span><\/span><\/div>\t\t\t\t\t\t\t\t<\/div>\n\t\t\t\t<\/div>\n\t\t\t\t\t<\/div>\n\t\t\t\t<\/div>\n\t\t\t\t<\/div>\n\t\t","protected":false},"excerpt":{"rendered":"<p>H\u00e1da J\u00e1nos vagyok. De ne hidd, hogy csak szinkronhang. Sz\u00edn\u00e9sz vagyok, rendez\u0151, szinkronhang, tan\u00e1r,de legink\u00e1bb: mes\u00e9l\u0151. Nemcsak szerepekbe, hanem emberekbe [&hellip;]<\/p>\n","protected":false},"author":1,"featured_media":0,"parent":0,"menu_order":0,"comment_status":"closed","ping_status":"closed","template":"","meta":{"site-sidebar-layout":"default","site-content-layout":"","ast-site-content-layout":"default","site-content-style":"default","site-sidebar-style":"default","ast-global-header-display":"","ast-banner-title-visibility":"","ast-main-header-display":"","ast-hfb-above-header-display":"","ast-hfb-below-header-display":"","ast-hfb-mobile-header-display":"","site-post-title":"","ast-breadcrumbs-content":"","ast-featured-img":"","footer-sml-layout":"","theme-transparent-header-meta":"","adv-header-id-meta":"","stick-header-meta":"","header-above-stick-meta":"","header-main-stick-meta":"","header-below-stick-meta":"","astra-migrate-meta-layouts":"default","ast-page-background-enabled":"default","ast-page-background-meta":{"desktop":{"background-color":"var(--ast-global-color-5)","background-image":"","background-repeat":"repeat","background-position":"center center","background-size":"auto","background-attachment":"scroll","background-type":"","background-media":"","overlay-type":"","overlay-color":"","overlay-opacity":"","overlay-gradient":""},"tablet":{"background-color":"","background-image":"","background-repeat":"repeat","background-position":"center center","background-size":"auto","background-attachment":"scroll","background-type":"","background-media":"","overlay-type":"","overlay-color":"","overlay-opacity":"","overlay-gradient":""},"mobile":{"background-color":"","background-image":"","background-repeat":"repeat","background-position":"center center","background-size":"auto","background-attachment":"scroll","background-type":"","background-media":"","overlay-type":"","overlay-color":"","overlay-opacity":"","overlay-gradient":""}},"ast-content-background-meta":{"desktop":{"background-color":"var(--ast-global-color-4)","background-image":"","background-repeat":"repeat","background-position":"center center","background-size":"auto","background-attachment":"scroll","background-type":"","background-media":"","overlay-type":"","overlay-color":"","overlay-opacity":"","overlay-gradient":""},"tablet":{"background-color":"var(--ast-global-color-4)","background-image":"","background-repeat":"repeat","background-position":"center center","background-size":"auto","background-attachment":"scroll","background-type":"","background-media":"","overlay-type":"","overlay-color":"","overlay-opacity":"","overlay-gradient":""},"mobile":{"background-color":"var(--ast-global-color-4)","background-image":"","background-repeat":"repeat","background-position":"center center","background-size":"auto","background-attachment":"scroll","background-type":"","background-media":"","overlay-type":"","overlay-color":"","overlay-opacity":"","overlay-gradient":""}},"footnotes":""},"class_list":["post-840","page","type-page","status-publish","hentry"],"_links":{"self":[{"href":"https:\/\/hadajanos.hu\/index.php?rest_route=\/wp\/v2\/pages\/840","targetHints":{"allow":["GET"]}}],"collection":[{"href":"https:\/\/hadajanos.hu\/index.php?rest_route=\/wp\/v2\/pages"}],"about":[{"href":"https:\/\/hadajanos.hu\/index.php?rest_route=\/wp\/v2\/types\/page"}],"author":[{"embeddable":true,"href":"https:\/\/hadajanos.hu\/index.php?rest_route=\/wp\/v2\/users\/1"}],"replies":[{"embeddable":true,"href":"https:\/\/hadajanos.hu\/index.php?rest_route=%2Fwp%2Fv2%2Fcomments&post=840"}],"version-history":[{"count":11,"href":"https:\/\/hadajanos.hu\/index.php?rest_route=\/wp\/v2\/pages\/840\/revisions"}],"predecessor-version":[{"id":861,"href":"https:\/\/hadajanos.hu\/index.php?rest_route=\/wp\/v2\/pages\/840\/revisions\/861"}],"wp:attachment":[{"href":"https:\/\/hadajanos.hu\/index.php?rest_route=%2Fwp%2Fv2%2Fmedia&parent=840"}],"curies":[{"name":"wp","href":"https:\/\/api.w.org\/{rel}","templated":true}]}}