{"id":700,"date":"2023-10-23T10:25:37","date_gmt":"2023-10-23T08:25:37","guid":{"rendered":"https:\/\/hadajanos.hu\/?page_id=700"},"modified":"2024-09-11T09:34:24","modified_gmt":"2024-09-11T07:34:24","slug":"bemutato","status":"publish","type":"page","link":"https:\/\/hadajanos.hu\/?page_id=700","title":{"rendered":"Claude Magnier: OSCAR"},"content":{"rendered":"\n<div class=\"wp-block-columns is-layout-flex wp-container-core-columns-is-layout-28f84493 wp-block-columns-is-layout-flex\">\n<div class=\"wp-block-column is-layout-flow wp-block-column-is-layout-flow\">\n<figure class=\"wp-block-image alignleft size-full is-resized\"><img fetchpriority=\"high\" decoding=\"async\" width=\"216\" height=\"300\" src=\"https:\/\/hadajanos.hu\/hadajanosweb\/wp-content\/uploads\/2023\/02\/OSCAR__A5-Flyer__2021__007-216x300-1.jpeg\" alt=\"\" class=\"wp-image-271\" style=\"aspect-ratio:0.72;width:312px;height:auto\"\/><\/figure>\n\n\n\n<p>SZEREPOSZT\u00c1S:<\/p>\n\n\n\n<div class=\"wp-block-columns is-layout-flex wp-container-core-columns-is-layout-28f84493 wp-block-columns-is-layout-flex\">\n<div class=\"wp-block-column is-layout-flow wp-block-column-is-layout-flow\">\n<p>Bertrand Barnier, szappangy\u00e1ros \u2013<strong>&nbsp;H\u00c1DA J\u00c1NOS<\/strong><br>Madame Barnier, a feles\u00e9ge \u2013&nbsp;<strong>V\u00c1NDOR \u00c9VA\/ M\u00c9RAI KATA\/ K\u00d6K\u00c9NYESSY \u00c1GI<\/strong><br>Christian Martin, szappanmenedzser \u2013&nbsp;<strong>SZAB\u00d3 M\u00c1T\u00c9<\/strong><br>Charlotte, az \u00faj szobal\u00e1ny \u2013&nbsp;<strong>M\u00c9RAI KATA\/ MOLN\u00c1R SZILVIA<\/strong><br>Jacqueline, a hazud\u00f3s \u2013&nbsp;<strong>B\u00c1TYAI \u00c9VA<\/strong><br>Philippe, massz\u0151r \u2013&nbsp;<strong>MADAY G\u00c1BOR<\/strong>\/&nbsp;<strong>FILA BAL\u00c1ZS<\/strong><br>Colette, Barnier l\u00e1nya \u2013&nbsp;<strong>ANDR\u00c1DI ZSANETT<\/strong><br>Bernadette, szobal\u00e1ny, gr\u00f3fn\u00e9 \u2013&nbsp;<strong>V\u00c9GH JUDIT<\/strong><br>Vaszilij, sof\u0151r \u2013&nbsp;<strong>JUH\u00c1SZ GY\u00d6RGY<\/strong><br>Oscar, akit mindenki keres \u2013&nbsp;<strong>GIELER CSABA\/ BORD\u00c1S MIH\u00c1LY<\/strong><\/p>\n<\/div>\n<\/div>\n<\/div>\n<\/div>\n\n\n\n<div class=\"wp-block-columns is-layout-flex wp-container-core-columns-is-layout-28f84493 wp-block-columns-is-layout-flex\">\n<div class=\"wp-block-column is-layout-flow wp-block-column-is-layout-flow\">\n<div class=\"wp-block-media-text has-media-on-the-right is-stacked-on-mobile\" style=\"grid-template-columns:auto 32%\"><div class=\"wp-block-media-text__content\">\n<p>LOUI DE FUNESS szerepe, j\u00e1tszotta sz\u00ednpadon t\u00f6bb sz\u00e1zszor, majd filmet is k\u00e9sz\u00edtett bel\u0151le.<\/p>\n<\/div><figure class=\"wp-block-media-text__media\"><img decoding=\"async\" width=\"100\" height=\"128\" src=\"https:\/\/hadajanos.hu\/hadajanosweb\/wp-content\/uploads\/2023\/02\/Hada-Janos-2-e1677364588623.jpg\" alt=\"\" class=\"wp-image-101 size-full\"\/><\/figure><\/div>\n<\/div>\n<\/div>\n\n\n\n<figure class=\"wp-block-video\"><video height=\"720\" style=\"aspect-ratio: 1280 \/ 720;\" width=\"1280\" autoplay src=\"https:\/\/hadajanos.hu\/hadajanosweb\/wp-content\/uploads\/2024\/02\/56_1.mov\" playsinline><\/video><\/figure>\n\n\n\n<p><\/p>\n","protected":false},"excerpt":{"rendered":"<p>SZEREPOSZT\u00c1S: Bertrand Barnier, szappangy\u00e1ros \u2013&nbsp;H\u00c1DA J\u00c1NOSMadame Barnier, a feles\u00e9ge \u2013&nbsp;V\u00c1NDOR \u00c9VA\/ M\u00c9RAI KATA\/ K\u00d6K\u00c9NYESSY \u00c1GIChristian Martin, szappanmenedzser \u2013&nbsp;SZAB\u00d3 M\u00c1T\u00c9Charlotte, az [&hellip;]<\/p>\n","protected":false},"author":1,"featured_media":0,"parent":0,"menu_order":0,"comment_status":"closed","ping_status":"closed","template":"templates\/fullwidth.php","meta":{"site-sidebar-layout":"default","site-content-layout":"","ast-site-content-layout":"default","site-content-style":"default","site-sidebar-style":"default","ast-global-header-display":"","ast-banner-title-visibility":"","ast-main-header-display":"","ast-hfb-above-header-display":"","ast-hfb-below-header-display":"","ast-hfb-mobile-header-display":"","site-post-title":"","ast-breadcrumbs-content":"","ast-featured-img":"","footer-sml-layout":"","theme-transparent-header-meta":"","adv-header-id-meta":"","stick-header-meta":"","header-above-stick-meta":"","header-main-stick-meta":"","header-below-stick-meta":"","astra-migrate-meta-layouts":"default","ast-page-background-enabled":"default","ast-page-background-meta":{"desktop":{"background-color":"var(--ast-global-color-5)","background-image":"","background-repeat":"repeat","background-position":"center center","background-size":"auto","background-attachment":"scroll","background-type":"","background-media":"","overlay-type":"","overlay-color":"","overlay-opacity":"","overlay-gradient":""},"tablet":{"background-color":"","background-image":"","background-repeat":"repeat","background-position":"center center","background-size":"auto","background-attachment":"scroll","background-type":"","background-media":"","overlay-type":"","overlay-color":"","overlay-opacity":"","overlay-gradient":""},"mobile":{"background-color":"","background-image":"","background-repeat":"repeat","background-position":"center center","background-size":"auto","background-attachment":"scroll","background-type":"","background-media":"","overlay-type":"","overlay-color":"","overlay-opacity":"","overlay-gradient":""}},"ast-content-background-meta":{"desktop":{"background-color":"var(--ast-global-color-4)","background-image":"","background-repeat":"repeat","background-position":"center center","background-size":"auto","background-attachment":"scroll","background-type":"","background-media":"","overlay-type":"","overlay-color":"","overlay-opacity":"","overlay-gradient":""},"tablet":{"background-color":"var(--ast-global-color-4)","background-image":"","background-repeat":"repeat","background-position":"center center","background-size":"auto","background-attachment":"scroll","background-type":"","background-media":"","overlay-type":"","overlay-color":"","overlay-opacity":"","overlay-gradient":""},"mobile":{"background-color":"var(--ast-global-color-4)","background-image":"","background-repeat":"repeat","background-position":"center center","background-size":"auto","background-attachment":"scroll","background-type":"","background-media":"","overlay-type":"","overlay-color":"","overlay-opacity":"","overlay-gradient":""}},"footnotes":""},"class_list":["post-700","page","type-page","status-publish","hentry"],"_links":{"self":[{"href":"https:\/\/hadajanos.hu\/index.php?rest_route=\/wp\/v2\/pages\/700","targetHints":{"allow":["GET"]}}],"collection":[{"href":"https:\/\/hadajanos.hu\/index.php?rest_route=\/wp\/v2\/pages"}],"about":[{"href":"https:\/\/hadajanos.hu\/index.php?rest_route=\/wp\/v2\/types\/page"}],"author":[{"embeddable":true,"href":"https:\/\/hadajanos.hu\/index.php?rest_route=\/wp\/v2\/users\/1"}],"replies":[{"embeddable":true,"href":"https:\/\/hadajanos.hu\/index.php?rest_route=%2Fwp%2Fv2%2Fcomments&post=700"}],"version-history":[{"count":5,"href":"https:\/\/hadajanos.hu\/index.php?rest_route=\/wp\/v2\/pages\/700\/revisions"}],"predecessor-version":[{"id":802,"href":"https:\/\/hadajanos.hu\/index.php?rest_route=\/wp\/v2\/pages\/700\/revisions\/802"}],"wp:attachment":[{"href":"https:\/\/hadajanos.hu\/index.php?rest_route=%2Fwp%2Fv2%2Fmedia&parent=700"}],"curies":[{"name":"wp","href":"https:\/\/api.w.org\/{rel}","templated":true}]}}