{"id":547,"date":"2023-03-27T18:16:07","date_gmt":"2023-03-27T16:16:07","guid":{"rendered":"https:\/\/hadajanos.hu\/?page_id=547"},"modified":"2023-03-27T18:19:15","modified_gmt":"2023-03-27T16:19:15","slug":"dramatizalt-biblia","status":"publish","type":"page","link":"https:\/\/hadajanos.hu\/?page_id=547","title":{"rendered":"DRAMATIZ\u00c1LT BIBLIA"},"content":{"rendered":"\n<p>2023-ben elk\u00e9sz\u00edtett\u00fck a Biblia n\u00e9gy evang\u00e9lium\u00e1nak katolikus dramatiz\u00e1lt v\u00e1ltozat\u00e1t is sz\u00e1mos ismert sz\u00edn\u00e9sz alak\u00edt\u00e1s\u00e1val, Arany Tam\u00e1s, H\u00e1da J\u00e1nos \u00e9s Z\u00e1mbori Soma szervez\u00e9s\u00e9vel.<\/p>\n\n\n\n<p>Rendez\u0151:&nbsp;<strong>Nikod\u00e9m Gerda, H\u00e1da J\u00e1nos<\/strong><\/p>\n\n\n\n<p>Gy\u00e1rt\u00e1s vezet\u0151:&nbsp;<strong>Masholl Ildik\u00f3<\/strong><\/p>\n\n\n\n<p>Az al\u00e1bbi evang\u00e9liumokra kattintva meghallgathat\u00f3ak az elk\u00e9sz\u00fclt hanganyagok:<\/p>\n\n\n\n<ul class=\"wp-block-list\">\n<li><a href=\"http:\/\/atadanstudio.hu\/mate-evangeliuma\/\"><strong>M\u00e1t\u00e9 Evang\u00e9liuma<\/strong><\/a><\/li>\n\n\n\n<li><strong><a href=\"http:\/\/atadanstudio.hu\/mark-evangeliuma\/\">M\u00e1rk Evang\u00e9liuma<\/a><\/strong><\/li>\n\n\n\n<li><strong><a href=\"http:\/\/atadanstudio.hu\/lukacs-evangeliuma\/\">Luk\u00e1cs Evang\u00e9liuma<\/a><\/strong><\/li>\n\n\n\n<li><strong><a href=\"http:\/\/atadanstudio.hu\/janos-evangeliuma\/\">J\u00e1nos Evang\u00e9liuma<\/a><\/strong><\/li>\n<\/ul>\n","protected":false},"excerpt":{"rendered":"<p>2023-ben elk\u00e9sz\u00edtett\u00fck a Biblia n\u00e9gy evang\u00e9lium\u00e1nak katolikus dramatiz\u00e1lt v\u00e1ltozat\u00e1t is sz\u00e1mos ismert sz\u00edn\u00e9sz alak\u00edt\u00e1s\u00e1val, Arany Tam\u00e1s, H\u00e1da J\u00e1nos \u00e9s Z\u00e1mbori [&hellip;]<\/p>\n","protected":false},"author":1,"featured_media":0,"parent":0,"menu_order":0,"comment_status":"closed","ping_status":"closed","template":"","meta":{"site-sidebar-layout":"default","site-content-layout":"","ast-site-content-layout":"default","site-content-style":"default","site-sidebar-style":"default","ast-global-header-display":"","ast-banner-title-visibility":"","ast-main-header-display":"","ast-hfb-above-header-display":"","ast-hfb-below-header-display":"","ast-hfb-mobile-header-display":"","site-post-title":"","ast-breadcrumbs-content":"","ast-featured-img":"","footer-sml-layout":"","theme-transparent-header-meta":"","adv-header-id-meta":"","stick-header-meta":"","header-above-stick-meta":"","header-main-stick-meta":"","header-below-stick-meta":"","astra-migrate-meta-layouts":"default","ast-page-background-enabled":"default","ast-page-background-meta":{"desktop":{"background-color":"var(--ast-global-color-5)","background-image":"","background-repeat":"repeat","background-position":"center center","background-size":"auto","background-attachment":"scroll","background-type":"","background-media":"","overlay-type":"","overlay-color":"","overlay-opacity":"","overlay-gradient":""},"tablet":{"background-color":"","background-image":"","background-repeat":"repeat","background-position":"center center","background-size":"auto","background-attachment":"scroll","background-type":"","background-media":"","overlay-type":"","overlay-color":"","overlay-opacity":"","overlay-gradient":""},"mobile":{"background-color":"","background-image":"","background-repeat":"repeat","background-position":"center center","background-size":"auto","background-attachment":"scroll","background-type":"","background-media":"","overlay-type":"","overlay-color":"","overlay-opacity":"","overlay-gradient":""}},"ast-content-background-meta":{"desktop":{"background-color":"var(--ast-global-color-4)","background-image":"","background-repeat":"repeat","background-position":"center center","background-size":"auto","background-attachment":"scroll","background-type":"","background-media":"","overlay-type":"","overlay-color":"","overlay-opacity":"","overlay-gradient":""},"tablet":{"background-color":"var(--ast-global-color-4)","background-image":"","background-repeat":"repeat","background-position":"center center","background-size":"auto","background-attachment":"scroll","background-type":"","background-media":"","overlay-type":"","overlay-color":"","overlay-opacity":"","overlay-gradient":""},"mobile":{"background-color":"var(--ast-global-color-4)","background-image":"","background-repeat":"repeat","background-position":"center center","background-size":"auto","background-attachment":"scroll","background-type":"","background-media":"","overlay-type":"","overlay-color":"","overlay-opacity":"","overlay-gradient":""}},"footnotes":""},"class_list":["post-547","page","type-page","status-publish","hentry"],"_links":{"self":[{"href":"https:\/\/hadajanos.hu\/index.php?rest_route=\/wp\/v2\/pages\/547","targetHints":{"allow":["GET"]}}],"collection":[{"href":"https:\/\/hadajanos.hu\/index.php?rest_route=\/wp\/v2\/pages"}],"about":[{"href":"https:\/\/hadajanos.hu\/index.php?rest_route=\/wp\/v2\/types\/page"}],"author":[{"embeddable":true,"href":"https:\/\/hadajanos.hu\/index.php?rest_route=\/wp\/v2\/users\/1"}],"replies":[{"embeddable":true,"href":"https:\/\/hadajanos.hu\/index.php?rest_route=%2Fwp%2Fv2%2Fcomments&post=547"}],"version-history":[{"count":2,"href":"https:\/\/hadajanos.hu\/index.php?rest_route=\/wp\/v2\/pages\/547\/revisions"}],"predecessor-version":[{"id":549,"href":"https:\/\/hadajanos.hu\/index.php?rest_route=\/wp\/v2\/pages\/547\/revisions\/549"}],"wp:attachment":[{"href":"https:\/\/hadajanos.hu\/index.php?rest_route=%2Fwp%2Fv2%2Fmedia&parent=547"}],"curies":[{"name":"wp","href":"https:\/\/api.w.org\/{rel}","templated":true}]}}